{"id":21,"date":"2020-04-15T00:16:41","date_gmt":"2020-04-14T22:16:41","guid":{"rendered":"http:\/\/apartamentnatalia.pl\/?page_id=21"},"modified":"2025-06-08T08:37:08","modified_gmt":"2025-06-08T06:37:08","slug":"apartament","status":"publish","type":"page","link":"http:\/\/apartamentnatalia.pl\/index.php\/apartament\/","title":{"rendered":"Apartament"},"content":{"rendered":"\t\t<div data-elementor-type=\"wp-page\" data-elementor-id=\"21\" class=\"elementor elementor-21\" data-elementor-settings=\"[]\">\n\t\t\t\t\t\t<div class=\"elementor-inner\">\n\t\t\t\t\t\t\t<div class=\"elementor-section-wrap\">\n\t\t\t\t\t\t\t<section class=\"elementor-section elementor-top-section elementor-element elementor-element-520e5e52 elementor-section-boxed elementor-section-height-default elementor-section-height-default\" data-id=\"520e5e52\" data-element_type=\"section\">\n\t\t\t\t\t\t<div class=\"elementor-container elementor-column-gap-default\">\n\t\t\t\t\t\t\t<div class=\"elementor-row\">\n\t\t\t\t\t<div class=\"elementor-column elementor-col-100 elementor-top-column elementor-element elementor-element-4bef0f3b\" data-id=\"4bef0f3b\" data-element_type=\"column\">\n\t\t\t<div class=\"elementor-column-wrap elementor-element-populated\">\n\t\t\t\t\t\t\t<div class=\"elementor-widget-wrap\">\n\t\t\t\t\t\t<div class=\"elementor-element elementor-element-502c08e2 elementor-widget elementor-widget-text-editor\" data-id=\"502c08e2\" data-element_type=\"widget\" data-widget_type=\"text-editor.default\">\n\t\t\t\t<div class=\"elementor-widget-container\">\n\t\t\t\t\t\t\t\t<div class=\"elementor-text-editor elementor-clearfix\">\n\t\t\t\t<h3><em>Oferujemy do wynaj\u0119cia wyj\u0105tkowy, przytulny a zarazem nowoczesny dwupokojowy apartament Natalia w Ko\u0142obrzegu -150 m od pla\u017cy.<br \/>Apartament Natalia o powierzchni 40m2 zapewnia pe\u0142n\u0105 swobod\u0119 pobytu, niezale\u017cno\u015b\u0107 oraz mo\u017cliwo\u015b\u0107 korzystania z urok\u00f3w obiektu Diva.<br \/>Apartament sk\u0142ada si\u0119 z salonu po\u0142\u0105czonego z aneksem kuchennym, jedn\u0105 sypialni\u0105 z podw\u00f3jnym \u0142\u00f3\u017ckiem i \u0142azienk\u0105 z prysznicem. Balkon usytuowany od zachodniej strony z dala od ruchu ulicznego. Apartament zlokalizowany jest na czwartym pi\u0119trze (w obiekcie znajduje si\u0119 6 wind). Przy obiekcie znajduj\u0105 si\u0119 bezp\u0142atne miejsca parkingowe (dost\u0119pno\u015b\u0107 nie jest gwarantowana).<br \/><\/em><\/h3><h4><em><strong>Wszystko jak w domu &#8211; zapraszamy<\/strong><\/em><\/h4><p><img loading=\"lazy\" decoding=\"async\" src=\"http:\/\/apartamentnatalia.pl\/wp-content\/uploads\/2020\/04\/booking2020_500-300x300.png\" sizes=\"auto, (max-width: 300px) 100vw, 300px\" srcset=\"http:\/\/apartamentnatalia.pl\/wp-content\/uploads\/2020\/04\/booking2020_500-300x300.png 300w, http:\/\/apartamentnatalia.pl\/wp-content\/uploads\/2020\/04\/booking2020_500-150x150.png 150w, http:\/\/apartamentnatalia.pl\/wp-content\/uploads\/2020\/04\/booking2020_500-50x50.png 50w, http:\/\/apartamentnatalia.pl\/wp-content\/uploads\/2020\/04\/booking2020_500-100x100.png 100w, http:\/\/apartamentnatalia.pl\/wp-content\/uploads\/2020\/04\/booking2020_500.png 500w\" alt=\"\" width=\"300\" height=\"300\" \/><\/p><p><em><strong>Sypialnia<\/strong>:<\/em><em> (pow. 10m2) \u0142\u00f3\u017cko ma\u0142\u017ce\u0144skie (160\/200 cm), 2 kpl ubranej po\u015bcieli, p\u0142aszcze k\u0105pielowe 2 szt,\u00a0 szafki nocne, lampki nocne, biurko, komoda, wyj\u015bcie na balkon.<\/em><\/p><figure class=\"gallery-item\"><a href=\"http:\/\/apartamentnatalia.pl\/wp-content\/uploads\/2021\/08\/IMG_7593.jpg\" data-elementor-open-lightbox=\"yes\" data-elementor-lightbox-slideshow=\"418b9eb\" data-elementor-lightbox-title=\"IMG_7593\"><img loading=\"lazy\" decoding=\"async\" src=\"http:\/\/apartamentnatalia.pl\/wp-content\/uploads\/2021\/08\/IMG_7593-642x335.jpg\" alt=\"\" width=\"640\" height=\"334\" \/><\/a><\/figure><p><em><strong>Pok\u00f3j dzienny<\/strong>\u00a0 z aneksem kuchennym (pow. 21 m2): sofa rozk\u0142adana (200\/150 cm),\u00a0 ubrana po\u015bciel, st\u00f3\u0142, 4 krzes\u0142a, telewizor LED, szafka pod TV, wyj\u015bcie na balkon<\/em><\/p><figure class=\"gallery-item\"><\/figure><p><em><strong>Aneks kuchenny<\/strong>: ceramiczna p\u0142yta grzejna, zmywarka, lod\u00f3wka, ekspres do kawy, czajnik, zastawa sto\u0142owa (sztu\u0107ce, talerze, szklanki, kieliszki , otwieracz do wina, przybory kuchenne, garnki).<\/em><\/p><figure><img loading=\"lazy\" decoding=\"async\" src=\"http:\/\/apartamentnatalia.pl\/wp-content\/uploads\/2021\/08\/IMG_7571-642x335.jpg\" alt=\"\" width=\"640\" height=\"334\" \/><figcaption><\/figcaption><\/figure><p><em><strong>\u0141azienka<\/strong>\u00a0 (pow. 4,5 m2): umywalka, suszarka do w\u0142os\u00f3w, wc, kabina prysznicowa, r\u0119czniki.<\/em><\/p><figure class=\"gallery-item\"><a href=\"http:\/\/apartamentnatalia.pl\/wp-content\/uploads\/2020\/04\/bathroom01_768.jpg\" data-elementor-open-lightbox=\"yes\" data-elementor-lightbox-slideshow=\"541b156\" data-elementor-lightbox-title=\"bathroom01_768\"><img loading=\"lazy\" decoding=\"async\" src=\"http:\/\/apartamentnatalia.pl\/wp-content\/uploads\/2020\/04\/bathroom01_768-642x335.jpg\" alt=\"\" width=\"640\" height=\"334\" \/><\/a><\/figure><p><em><strong>Przedpok\u00f3j<\/strong>\u00a0 (pow.4,5 m2): przestronna szafa, deska do prasowania, \u017celazko, odkurzacz.<\/em><\/p><figure class=\"gallery-item\"><a href=\"http:\/\/apartamentnatalia.pl\/wp-content\/uploads\/2020\/04\/apartkoryt01_768.jpg\" data-elementor-open-lightbox=\"yes\" data-elementor-lightbox-slideshow=\"e061a25\" data-elementor-lightbox-title=\"SONY DSC\"><img loading=\"lazy\" decoding=\"async\" src=\"http:\/\/apartamentnatalia.pl\/wp-content\/uploads\/2020\/04\/apartkoryt01_768-642x335.jpg\" alt=\"\" width=\"640\" height=\"334\" \/><\/a><\/figure><ul><li><em><strong>Balkon (4 m2). <\/strong>Stolik + 2 krzes\u0142a, suszarka na r\u0119czniki.<br \/><\/em><\/li><li><em>Istnieje mo\u017cliwo\u015b\u0107 przechowania w\u00f3zka dzieci\u0119cego lub rower\u00f3w na balkonie i w przedpokoju.<\/em><em><br \/><\/em><\/li><\/ul><figure class=\"gallery-item\"><a href=\"http:\/\/apartamentnatalia.pl\/wp-content\/uploads\/2020\/04\/balkon02_768.jpg\" data-elementor-open-lightbox=\"yes\" data-elementor-lightbox-slideshow=\"5ac2045\" data-elementor-lightbox-title=\"balkon02_768\"><img loading=\"lazy\" decoding=\"async\" src=\"http:\/\/apartamentnatalia.pl\/wp-content\/uploads\/2020\/04\/balkon02_768-642x335.jpg\" alt=\"\" width=\"640\" height=\"334\" \/><\/a><\/figure><p><!-- wp:gallery {\"linkTo\":\"none\"} --><\/p><figure class=\"wp-block-gallery has-nested-images columns-default is-cropped\"><\/figure><p><!-- \/wp:gallery --><\/p><p><!-- wp:gallery {\"linkTo\":\"none\"} --><\/p><figure class=\"wp-block-gallery has-nested-images columns-default is-cropped\"><!-- wp:image --><figure class=\"wp-block-image\"><img alt=\"\" \/><\/figure><p><!-- \/wp:image --><\/p><\/figure><p><!-- \/wp:gallery --><\/p><p><!-- wp:gallery {\"linkTo\":\"none\"} --><\/p><figure class=\"wp-block-gallery has-nested-images columns-default is-cropped\"><!-- wp:image {\"id\":395,\"sizeSlug\":\"large\",\"linkDestination\":\"none\"} --><figure class=\"wp-block-image size-large\"><img loading=\"lazy\" decoding=\"async\" width=\"640\" height=\"480\" class=\"wp-image-395\" src=\"http:\/\/apartamentnatalia.pl\/wp-content\/uploads\/2025\/03\/IMG_0652.jpg\" alt=\"\" srcset=\"http:\/\/apartamentnatalia.pl\/wp-content\/uploads\/2025\/03\/IMG_0652.jpg 640w, http:\/\/apartamentnatalia.pl\/wp-content\/uploads\/2025\/03\/IMG_0652-300x225.jpg 300w, http:\/\/apartamentnatalia.pl\/wp-content\/uploads\/2025\/03\/IMG_0652-600x450.jpg 600w\" sizes=\"auto, (max-width: 640px) 100vw, 640px\" \/><\/figure><p><!-- \/wp:image --><\/p><\/figure><p><!-- \/wp:gallery --><\/p>\t\t\t\t\t<\/div>\n\t\t\t\t\t\t<\/div>\n\t\t\t\t<\/div>\n\t\t\t\t\t\t<\/div>\n\t\t\t\t\t<\/div>\n\t\t<\/div>\n\t\t\t\t\t\t\t\t<\/div>\n\t\t\t\t\t<\/div>\n\t\t<\/section>\n\t\t\t\t\t\t<\/div>\n\t\t\t\t\t\t<\/div>\n\t\t\t\t\t<\/div>\n\t\t","protected":false},"excerpt":{"rendered":"<p>Oferujemy do wynaj\u0119cia wyj\u0105tkowy, przytulny a zarazem nowoczesny dwupokojowy apartament Natalia w Ko\u0142obrzegu -150 m od pla\u017cy.Apartament Natalia o powierzchni 40m2 zapewnia pe\u0142n\u0105 swobod\u0119 pobytu, niezale\u017cno\u015b\u0107 oraz mo\u017cliwo\u015b\u0107 korzystania z [&hellip;]<\/p>\n","protected":false},"author":1,"featured_media":0,"parent":0,"menu_order":0,"comment_status":"closed","ping_status":"closed","template":"","meta":{"footnotes":""},"class_list":["post-21","page","type-page","status-publish","hentry"],"_links":{"self":[{"href":"http:\/\/apartamentnatalia.pl\/index.php\/wp-json\/wp\/v2\/pages\/21","targetHints":{"allow":["GET"]}}],"collection":[{"href":"http:\/\/apartamentnatalia.pl\/index.php\/wp-json\/wp\/v2\/pages"}],"about":[{"href":"http:\/\/apartamentnatalia.pl\/index.php\/wp-json\/wp\/v2\/types\/page"}],"author":[{"embeddable":true,"href":"http:\/\/apartamentnatalia.pl\/index.php\/wp-json\/wp\/v2\/users\/1"}],"replies":[{"embeddable":true,"href":"http:\/\/apartamentnatalia.pl\/index.php\/wp-json\/wp\/v2\/comments?post=21"}],"version-history":[{"count":28,"href":"http:\/\/apartamentnatalia.pl\/index.php\/wp-json\/wp\/v2\/pages\/21\/revisions"}],"predecessor-version":[{"id":399,"href":"http:\/\/apartamentnatalia.pl\/index.php\/wp-json\/wp\/v2\/pages\/21\/revisions\/399"}],"wp:attachment":[{"href":"http:\/\/apartamentnatalia.pl\/index.php\/wp-json\/wp\/v2\/media?parent=21"}],"curies":[{"name":"wp","href":"https:\/\/api.w.org\/{rel}","templated":true}]}}